 is -4732647 (base 8) in base 11?
-802511
Convert 10001110100000011100 (base 2) to base 14.
112a16
Convert -201111110 (base 4) to base 7.
-1106024
-224111110 (base 5) to base 2
-11110101000110000001
What is -123448 (base 13) in base 9?
-733647
Convert 711100 (base 8) to base 16.
39240
What is -348130 (base 10) in base 4?
-1110333202
71480 (base 11) to base 5
11320030
What is -78237 (base 14) in base 2?
-1000111000111101001
Convert 1333211003 (base 4) to base 9.
875735
Convert b3a7b (base 14) to base 11.
276255
What is -10a202 (base 14) in base 2?
-10001010000110011010
What is -125166 (base 7) in base 6?
-300233
306694a (base 11) to base 14
a0c270
Convert -18065 (base 11) to base 8.
-61420
What is -6b7cb1 (base 13) in base 8?
-11606770
Convert 65528 (base 9) to base 3.
2012120222
What is -51417 (base 9) in base 14?
-c4b8
1243252 (base 8) to base 10
345770
-10011000010000111011 (base 2) to base 14
-123403
What is -cf218 (base 16) in base 9?
-1532715
What is -112420432 (base 6) in base 4?
-13331131010
2364547 (base 8) to base 14
12ca23
Convert 140616460 (base 7) to base 16.
8bd6e0
Convert 1321024042 (base 5) to base 4.
30211111113
What is 101003021330 (base 4) in base 8?
21031174
Convert -3a03a (base 12) to base 2.
-10011011010101110
Convert 1065631 (base 8) to base 16.
46b99
-123403002 (base 5) to base 4
-2110012203
What is a72433 (base 11) in base 14?
329603
Convert -4239579 (base 10) to base 14.
-7c5071
Convert 445674 (base 8) to base 10.
150460
Convert 1baa448 (base 12) to base 2.
10110101100001111111000
Convert 42522042 (base 6) to base 12.
506322
Convert -2579317 (base 10) to base 16.
-275b75
-121421402 (base 5) to base 10
-576477
Convert 3014111 (base 5) to base 16.
bb9f
What is -21707 (base 10) in base 2?
-101010011001011
What is -8498421 (base 10) in base 9?
-16882570
-711785 (base 9) to base 3
-210101212212
Convert -652577 (base 8) to base 10.
-218495
-1000101101010110001110 (base 2) to base 15
-30162e
Convert -101001110001 (base 2) to base 7.
-10536
What is -5152533 (base 6) in base 9?
-417373
What is 34432120 (base 5) in base 6?
10402143
What is -110014130 (base 5) in base 12?
-1a7b37
-1032313143 (base 6) to base 11
-6258695
Convert 21c30 (base 13) to base 15.
132c6
What is 3810818 (base 10) in base 3?
21011121110102
What is 489a8 (base 16) in base 11?
19347a
-303210020 (base 5) to base 2
-100101011001110100011
Convert -12ac8b (base 14) to base 4.
-2131113123
What is -5bb4c3 (base 14) in base 2?
-1011111111010010110011
What is -6b2b1 (base 12) in base 8?
-430745
What is -31527 (base 12) in base 3?
-10021201211
203909 (base 10) to base 12
9a005
-2471203 (base 9) to base 10
-1345899
1133385 (base 9) to base 16
95948
What is -4122651 (base 7) in base 5?
-111240341
What is -3222120 (base 5) in base 10?
-54660
What is -95571 (base 10) in base 13?
-34668
-1269a8 (base 13) to base 3
-211112000220
What is -3c005 (base 13) in base 7?
-644453
Convert 221570 (base 10) to base 16.
36182
What is 53bd77 (base 15) in base 14?
75b984
-1100022011 (base 4) to base 11
-204748
Convert 112646 (base 9) to base 3.
10102201120
11022000000011 (base 3) to base 9
4260004
Convert 10101220 (base 5) to base 2.
10011111000011011
Convert 68300 (base 9) to base 13.
178b6
What is -3804b (base 13) in base 8?
-311632
-1957958 (base 12) to base 11
-3019a90
-30220652 (base 7) to base 2
-1001100100101001000000
Convert -3454614 (base 10) to base 14.
-65cd82
Convert -3c0be (base 16) to base 15.
-4cd1a
What is -18782008 (base 9) in base 15?
-c7a52e
22304041 (base 6) to base 10
677401
Convert 6e49e (base 16) to base 13.
12a805
8b8d50 (base 15) to base 12
2293303
Convert 1731105 (base 8) to base 14.
d1b5b
Convert -211465 (base 10) to base 9.
-352061
What is -2be0 (base 16) in base 15?
-34dc
What is 2a487 (base 14) in base 15?
2126a
What is -1583305 (base 13) in base 14?
-cc1649
What is -375377 (base 8) in base 3?
-20121001002
What is -12c16 (base 13) in base 11?
-24330
Convert -b028c (base 14) to base 5.
-102014332
1f781 (base 16) to base 4
133132001
127981 (base 11) to base 15
3e788
3495d0 (base 15) to base 12
a11a80
-1b27a7 (base 14) to base 7
-11136300
Convert -1361050 (base 8) to base 12.
-167174
Convert -2323210 (base 6) to base 2.
-11101010010010110
What is 1242221 (base 6) in base 4?
100211011
What is -3581a (base 14) in base 10?
-130560
-7a3595 (base 11) to base 10
-1278469
What is 12532354 (base 6) in base 2?
1100101101101001110
Convert cae303 (base 16) to base 5.
11400441022
Convert 1211011220012 (base 3) to base 12.
3a8258
-201223211 (base 4) to base 12
-67a05
Convert 751373 (base 14) to base 12.
13ab9b5
11114043 (base 5) to base 7
555532
What is -220311113 (base 5) in base 15?
-13abc3
20a70 (base 11) to base 5
1434234
Convert 140025534 (base 6) to base 2.
1010101100011000100010
Convert -331211504 (base 6) to base 7.
-101340151
-336050 (base 7) to base 13
-21248
1211000122010 (base 3) to base 2
11101011100101000001
Convert -40938 (base 15) to base 9.
-341558
Convert 216432 (base 9) to base 10.
129386
What is -101022201210 (base 3) in base 5?
-23000241
4284858 (base 9) to base 2
1000110001100000111111
What is -10111110121112 (base 3) in base 5?
-434000041
-24603 (base 11) to base 9
-53421
Convert -21316611 (base 7) to base 11.
-1033370
-602555 (base 7) to base 10
-101813
What is 1011011010000001010001 (base 2) in base 14?
57b9cd
Convert -111b17 (base 13) to base 15.
-7ea3a
Convert -515677 (base 8) to base 14.
-46423
9c331 (base 13) to base 11
184386
Convert -111011011011011100 (base 2) to base 3.
-110100220120
1c380 (base 13) to base 7
320625
Convert 15a363 (base 11) to base 10.
247998
-10012101122 (base 3) to base 4
-33120011
-12044241 (base 6) to base 13
-1038c1
Convert -4cc122 (base 15) to base 12.
-1298b65
Convert 2bb6a (base 13) to base 7.
464446
-33210333013 (base 4) to base 3
-21200110201111
-ce59c (base 16) to base 12
-349164
-230442 (base 7) to base 11
-28922
22120012210 (base 3) to base 6
3340203
-102120120000 (base 3) to base 13
-7c932
Convert 188b6 (base 16) to base 3.
12002220111
Convert -10030325 (base 9) to base 16.
-494966
-48904b (base 14) to base 11
-1446895
What is -8723 (base 9) in base 3?
-22210210
-2aad2 (base 15) to base 9
-228478
What is 1111011100000100 (base 2) in base 5?
4010421
-23a27 (base 11) to base 4
-20123102
-12353361 (base 7) to base 2
-100010010000010110110
Convert -100120122111002 (base 3) to base 5.
-2300402320
-222277 (base 8) to base 3
-10210210200
-73900a (base 13) to base 10
-2704517
What is -138317 (base 10) in base 11?
-94a13
-1260634 (base 7) to base 10
-165988
5548701 (base 10) to base 13
11c3772
What is -14a279 (base 11) in base 14?
-6100d
1310230 (base 6) to base 12
35376
4a85534 (base 11) to base 3
121121011101100
What is 500660 (base 7) in base 14?
22a67
Convert -6d065 (base 15) to base 3.
-122122222112
-100100111011001101 (base 2) to base 9
-250420
What is 20e3b7 (base 15) in base 10?
1566847
Convert 58e37c (base 15) to base 16.
40d93d
What is 33152376 (base 8) in base 14?
d393c2
What is 211776 (base 8) in base 10?
70654
Convert -652126 (base 11) to base 15.
-158c82
Convert -3130bb (base 13) to base 8.
-4304401
Convert 86748 (base 13) to base 14.
6474d
146029 (base 10) to base 11
9a794
What is -291537 (base 10) in base 4?
-1013023101
-520005541 (base 6) to base 12
-30008b1
3b3ac (base 15) to base 11
11a69a
144586 (base 9) to base 6
1522340
Convert -762414 (base 8) to base 16.
-3e50c
-442616 (base 9) to base 8
-1004317
What is -634350 (base 13) in base 12?
-940269
Convert -258437 (base 10) to base 7.
-2124314
What is -3936a1 (base 14) in base 4?
-13200221331
Convert 1533074 (base 11) to base 9.
4840508
Convert -5704157 (base 8) to base 7.
-16052241
What is 214427 (base 13) in base 14?
1646c4
What is b0325 (base 16) in base 4?
2300030211
What is -9eda4b (base 16) in base 11?
-5970686
222122022221 (base 3) to base 9
878287
Convert 34a36 (base 13) to base 4.
113133032
What is 19ed5 (base 16) in base 2?
11001111011010101
Convert 1d9de (base 15) to base 7.
552011
Convert -31f54 (base 16) to base 6.
-4215204
-525311213 (base 6) to base 4
-203022002121
What is a616b (base 12) in base 14?
59603
-313323320 (base 6) to base 14
-a2b0d2
What is -1447530 (base 8) in base 9?
-700225
What is -1274106 (base 8) in base 7?
-3022050